 of s**6/120 - 11*s**5/60 - 23*s**4/24 + 21*s**3/2 + 104*s**2. What is the hundreds digit of y(15)?
6
Let v be ((0 - -3) + 1)/((-24)/492). What is the tens digit of 10/3*(-369)/v?
1
Let g(l) be the third derivative of l**6/24 + l**5/60 + 5*l**4/12 - l**3/6 - 61*l**2. What is the tens digit of g(4)?
7
Suppose 675 = 2*i + 189. Suppose -o - 3*r + 171 = -66, 0 = o + 5*r - i. Suppose 8*s = 4*s + o. What is the tens digit of s?
5
Let n(v) = 18*v - 89. Let j be n(27). Let h = 516 - j. What is the units digit of h?
9
Let f(w) = w**2 - 13*w + 16. Let r be f(18). Suppose 0 = m + 3*n + 82, -3*n = m - n + 83. Let q = m + r. What is the tens digit of q?
2
Let q = 357 - 364. What is the units digit of (-1 - 3) + 584 - q?
7
Suppose -4*g - d + 141702 = 0, 4*d + 70878 = -83*g + 85*g. What is the hundreds digit of g?
4
Let p = -34 + 50. Suppose -4*k - 6 = -2*r + 2, -2*k + p = r. What is the tens digit of r?
1
Let x(l) = l**2 + 58*l + 586. What is the tens digit of x(80)?
2
Let s be 24/(-60) + 2 + 2/5. Suppose -4*p - s*t + 1024 = 2*t, -2*t + 767 = 3*p. Suppose 0 = -2*o + 97 + p. What is the units digit of o?
6
Let x be (-2)/4*(-2 - -544). Let s be (-4)/(-8) - x/2. Suppose 22*p - s = 18*p. What is the units digit of p?
4
Suppose 8 = 14*d - 12*d, -1001 = f + 4*d. What is the tens digit of 21/28 + (f/(-4) - 0)?
5
Let y be -7*((-12)/28 - 2). Suppose 5*k = -y*k + 10428. What is the units digit of k?
4
Suppose -7*x + 13 = -22. Suppose 2*l = 4*t + 454, -4*l - x*t + 843 = -0*t. What is the tens digit of l?
1
Let t be ((-2)/(-4))/((-6)/26460). Let b = -924 - t. What is the thousands digit of b?
1
Let v(a) = -a + 23. Let h be v(0). Suppose -5*b = -w - 27, b - h = -4*b - w. Let o(z) = 9*z + 5. What is the tens digit of o(b)?
5
What is the units digit of 497585/15 + (28/(-6))/14?
2
Let w = 58 + -56. Suppose 2*l + w*l - 1424 = -4*a, -5*l - 380 = -a. Let n = a + -241. What is the tens digit of n?
1
Let y = -269 + 412. Let s(f) = 103*f - 2742. Let m be s(26). Let d = y + m. What is the units digit of d?
9
Let k(p) = 5*p + 12. Suppose -4*g + 2*g = 6. Let a(d) = -d**3 - 2*d**2 - 2*d - 4. Let i be a(g). What is the units digit of k(i)?
7
Suppose 0 = 29*f - 32*f + 15. Let u(q) = -4*q + 16. Let i be u(f). Let z(j) = 4*j**2 - j + 2. What is the tens digit of z(i)?
7
Let s(t) = 1615*t**2 + 178*t - 727. What is the thousands digit of s(4)?
5
Suppose 5*x + 3*r = 54, -4*x - 5*r = -3*r - 44. Let c be -1 - x/(-4) - -1020. What is the units digit of (-2)/(-3) - c/(-42)?
5
Suppose -3*z + 6*z - 27 = 3*y, 0 = -5*y - 25. Suppose 1980 = z*d - 47*v + 48*v, -v = 2*d - 990. What is the units digit of d?
5
Let u(f) = -5*f**2 + 39*f + 14. Let l be u(8). Let m(c) = 43*c + 32. What is the tens digit of m(l)?
9
Let d(g) = 571*g + 24. Let q be d(5). Suppose -17*u - q = -10325. What is the hundreds digit of u?
4
Let q = -27 + 72. Suppose -j + q = 3*v, -320 = -6*j + j + 4*v. Suppose -380 = -j*w + 55*w. What is the units digit of w?
6
Suppose -140*b - 24728 + 5583988 = 0. What is the units digit of b?
9
Suppose k - 2*m + 10 = 0, -k - 9 - 6 = -3*m. Suppose k = -7*c + 16*c - 9090. What is the units digit of c?
0
Suppose 2*a + 108 = 6*a. Let q = a - 23. Suppose 5*r = 3*v + 721, 0 = q*r - 5*v + 189 - 758. What is the hundreds digit of r?
1
Suppose 0 = -46*v + 91*v - 297720. What is the thousands digit of v?
6
Let y = -11936 - -12249. What is the hundreds digit of y?
3
Suppose 9*a - 79 = 83. Suppose a*k - 24*k = -3174. What is the tens digit of k?
2
Suppose 13*g + 3*x = 8*g + 174779, 5*x - 69942 = -2*g. What is the hundreds digit of g?
9
Let t be (-140)/770 + (-2)/(-11). Suppose t = -9*c + 238 + 2984. What is the units digit of c?
8
Suppose 3*i - 346 = -p, i - 140 = -2*p - 28. Let m = i - 6. What is the units digit of m?
0
Suppose 3*z = -3*y - 387, 0*z - 2*z = 3*y + 257. Let d be -2*z/4 + -1. Let m = d - 39. What is the tens digit of m?
2
Suppose h = -2*h + 159. Let n = -52 + h. What is the hundreds digit of 136 + 0/(n + 0)?
1
Let l be 4459/14 + -3 - 2/4. Suppose -269 = -2*r + l. What is the hundreds digit of r?
2
Let u = -5202 - -7313. What is the thousands digit of u?
2
Let r be (-2 + (-20)/(-3))*3. Let b(s) = s - s + 7*s - r. What is the units digit of b(5)?
1
Let r be 1/(7 + 892/(-128)). Suppose r*l + 8455 - 41127 = 0. What is the thousands digit of l?
1
Let a be (-1)/(2 - (-28)/(-12)). Suppose -37*z - 1043 = -30*z. What is the units digit of (a + 1 - z) + (-1 - -3)?
5
Let s(v) = 50*v**2 + 61*v - 194. What is the hundreds digit of s(-26)?
0
Let y = -16 + 13. Let x(j) = -11*j - 13. Let p be x(y). Suppose h + 4*h + 68 = 2*g, -p = -5*h. What is the units digit of g?
4
Suppose -13 = 2*i + 5*o, -i - 4*o - 14 = -0*i. Let n(m) = 5*m + 33 + 5*m + 0*m. What is the units digit of n(i)?
3
Suppose -21*g + 80 = -5*g. Suppose 516 + 314 = g*n. What is the hundreds digit of n?
1
Let j(b) = 7*b**2 - 19*b - 28. Let n be j(4). What is the units digit of 6/n + ((-14692)/(-16) - -1)?
0
Suppose -56*t = -286846 - 116635 + 39313. What is the hundreds digit of t?
5
Suppose -6*t + 3674 = -6994. Suppose -31*f = -33*f + t. What is the units digit of f?
9
What is the units digit of ((-6)/(-9))/(57/171) + 26676?
8
Let y = 88 + 113. Suppose -4*p = -111 - y. What is the units digit of p?
8
Let z(l) = l**3 + 7*l**2 - l - 2. Suppose 10*w + 77 = -w. Let u be z(w). Suppose u*s = 3*t + t - 812, -3*t + 609 = 4*s. What is the tens digit of t?
0
Let f = 974 + -1670. Let p = f - -1259. What is the units digit of p?
3
Let m(b) = 13*b - 21. Let j(q) = 27*q - 42. Let f(d) = -3*j(d) + 7*m(d). Let i be (74/12)/1 - (-890)/(-5340). What is the tens digit of f(i)?
3
Let i(g) = -g**3 + 7*g**2 + g - 2. Let n be i(7). Suppose 5*y - n*c = -10*c + 2115, 5*c = 2*y - 818. What is the hundreds digit of y?
4
Let d(g) = 4*g**2 + g - 2. Let q be d(-3). Suppose 15 = -2*x + q. What is the units digit of x/(-28) - (-7)/((-196)/(-1856))?
6
Let p = -66 - -69. Suppose -12*j = -p*j - 3024. Suppose -h - 247 = -3*m, -3*h - j - 81 = -5*m. What is the units digit of m?
1
What is the units digit of 403/(-341) - -1 - (1362147/(-33) - -2)?
5
Let t = 6828 - -568. What is the units digit of t?
6
Let a(j) = 9*j**2 - 12 - j**2 + 21 - 6*j + 7*j**2 + 40. What is the units digit of a(6)?
3
Suppose 19*l - 89659 = 126695 - 52270. What is the hundreds digit of l?
6
Suppose -2616519 = -42*q + 1418088 - 629415. What is the ten thousands digit of q?
8
Suppose 3*l + 2322 = 5*j, -8*l + 10*l + 4*j = -1526. Let r = -198 - l. What is the tens digit of r?
7
Suppose -5*x + 3*g = -36321, -285*g + 290*g - 15 = 0. What is the tens digit of x?
6
Let b be 2*-1*(-65)/10. Suppose 2*h = 5*d + 12, -4*d - 7 = -5*h + 40. Suppose h*v = b*v - 152. What is the tens digit of v?
7
Suppose 2*j + 6 = 3*r - 12, -2*r + 11 = -j. Let u be ((-120)/25)/(r/(-10)). Let c(o) = 14*o - 37. What is the hundreds digit of c(u)?
1
Let f(t) = 26*t + 48. Let a be f(14). What is the hundreds digit of (8/(-2) + 1)*a/(-6)?
2
Suppose -c = -22 + 20. Suppose 30 = x - c*r - 51, 5*r + 93 = x. What is the tens digit of x?
7
Let o(h) = -1473*h**3 - 3*h - 2. Let a be (-825)/891 - (-2)/(-27). What is the units digit of o(a)?
4
Suppose 492*a = 513*a - 61614. What is the tens digit of a?
3
Suppose 6*i + 47697 = 13*i + 6*i. What is the tens digit of i?
6
Suppose -5*y - 495 = -2895. Let r(k) = k**2 + 2*k - 13. Let b be r(-6). Suppose b*c = 14*c - y. What is the tens digit of c?
6
Suppose 0*z - 15 = 3*z. What is the hundreds digit of (15/z)/(1/(-245))?
7
Suppose 40 = -7*w + 2*w + q, -2*w - 5*q = -11. Let x(l) = 18*l - 1010. Let z be x(56). What is the tens digit of (-12)/42*z - 633/w?
9
Suppose -6*c + 12 = -0*c. Suppose -29*v + 34*v - 2*k - 610 = 0, 3*k - 244 = -c*v. What is the hundreds digit of v?
1
Suppose -105*h + 443262 = -229128 - 36150. What is the thousands digit of h?
6
Let p(i) = i**2 + 107*i + 1369. What is the thousands digit of p(90)?
9
Suppose -2*i = -2*x + 16, 2*x - 3 = 5*i - 2. Suppose -s + 1 = -3*h - x, s = 4*h + 16. What is the tens digit of 8/s - (-96)/2?
4
What is the hundreds digit of 1295*((-2106)/45)/(-9)?
7
Suppose 120*t = 176*t - 317240. What is the thousands digit of t?
5
Let v be (-1 - (0 - -1))*(-1)/(-1). Let q be (v + 2)/(2 - 1). Suppose q*k + k = 37. What is the units digit of k?
7
Suppose 20*w = 15*w + 11635. Suppo